{"id":12,"date":"2023-06-20T13:55:23","date_gmt":"2023-06-20T11:55:23","guid":{"rendered":"http:\/\/localhost\/elecmaesr\/?page_id=12"},"modified":"2025-02-14T15:13:10","modified_gmt":"2025-02-14T14:13:10","slug":"qui-sommes-nous","status":"publish","type":"page","link":"https:\/\/elecma-ci.com\/index.php\/qui-sommes-nous\/","title":{"rendered":"Qui Sommes-nous?"},"content":{"rendered":"<p><span style=\"font-family: helvetica, arial, sans-serif;\"><\/p>\n\n\n<div class=\"wp-block-media-text is-stacked-on-mobile\"><figure class=\"wp-block-media-text__media\"><img loading=\"lazy\" decoding=\"async\" width=\"863\" height=\"507\" src=\"https:\/\/elecma-ci.com\/wp-content\/uploads\/2025\/02\/qsn2-e1739474348672.jpg\" alt=\"\" class=\"wp-image-207 size-full\" srcset=\"https:\/\/elecma-ci.com\/wp-content\/uploads\/2025\/02\/qsn2-e1739474348672.jpg 863w, https:\/\/elecma-ci.com\/wp-content\/uploads\/2025\/02\/qsn2-e1739474348672-300x176.jpg 300w, https:\/\/elecma-ci.com\/wp-content\/uploads\/2025\/02\/qsn2-e1739474348672-768x451.jpg 768w\" sizes=\"auto, (max-width: 863px) 100vw, 863px\" \/><\/figure><div class=\"wp-block-media-text__content\">\n<blockquote class=\"wp-block-quote is-layout-flow wp-block-quote-is-layout-flow\">\n<p><strong>ELECMA-ESR : Votre Partenaire en Gestion de Syst\u00e8mes de Trafics intelligents et\u00a0Solutions d\u2019\u00c9clairage Public<\/strong><br>Depuis plus de 30 ans, ELECMA-ESR est sp\u00e9cialis\u00e9 dans les syst\u00e8mes de signalisation\u00a0routi\u00e8re et l\u2019\u00e9clairage public en C\u00f4te d\u2019Ivoire et en Afrique de l\u2019Ouest. Avec des projets\u00a0r\u00e9alis\u00e9s dans divers pays comme le Mali, le Maroc, la France et l\u2019Azerba\u00efdjan, nous apportons expertise et innovation \u00e0 chacun de nos clients.<\/p>\n\n\n\n<p><strong>Pourquoi Choisir ELECMA-ESR ?<\/strong><br>Avec un parc de mat\u00e9riel diversifi\u00e9 et une \u00e9quipe hautement qualifi\u00e9e, ELECMA-ESR<br>propose des solutions innovantes et durables pour les infrastructures routi\u00e8res et<br>urbaines. Actif en C\u00f4te d\u2019Ivoire et au-del\u00e0, nous sommes pr\u00eats \u00e0 relever des projets de<br>toutes envergures.<\/p>\n<\/blockquote>\n<\/div><\/div>\n\n\n<p><\/span><\/p>","protected":false},"excerpt":{"rendered":"","protected":false},"author":1,"featured_media":207,"parent":0,"menu_order":0,"comment_status":"closed","ping_status":"closed","template":"","meta":{"footnotes":""},"class_list":["post-12","page","type-page","status-publish","has-post-thumbnail","hentry"],"_links":{"self":[{"href":"https:\/\/elecma-ci.com\/index.php\/wp-json\/wp\/v2\/pages\/12","targetHints":{"allow":["GET"]}}],"collection":[{"href":"https:\/\/elecma-ci.com\/index.php\/wp-json\/wp\/v2\/pages"}],"about":[{"href":"https:\/\/elecma-ci.com\/index.php\/wp-json\/wp\/v2\/types\/page"}],"author":[{"embeddable":true,"href":"https:\/\/elecma-ci.com\/index.php\/wp-json\/wp\/v2\/users\/1"}],"replies":[{"embeddable":true,"href":"https:\/\/elecma-ci.com\/index.php\/wp-json\/wp\/v2\/comments?post=12"}],"version-history":[{"count":13,"href":"https:\/\/elecma-ci.com\/index.php\/wp-json\/wp\/v2\/pages\/12\/revisions"}],"predecessor-version":[{"id":430,"href":"https:\/\/elecma-ci.com\/index.php\/wp-json\/wp\/v2\/pages\/12\/revisions\/430"}],"wp:featuredmedia":[{"embeddable":true,"href":"https:\/\/elecma-ci.com\/index.php\/wp-json\/wp\/v2\/media\/207"}],"wp:attachment":[{"href":"https:\/\/elecma-ci.com\/index.php\/wp-json\/wp\/v2\/media?parent=12"}],"curies":[{"name":"wp","href":"https:\/\/api.w.org\/{rel}","templated":true}]}}